-6)/(-9))/(-2). Let d be (300/s)/(6/4). Suppose 0 = -d*i + 3*b + 439, -10*b - 168 = -2*i - 5*b. List the prime factors of i.
89
Suppose 3*d = 3*f + 3, 3*d - d - 14 = -4*f. Suppose -28 - f = -5*t. Suppose 0 = -t*q + 11*q - 255. What are the prime factors of q?
3, 17
Suppose 9*m - m + 16 = 0. What are the prime factors of (7 - 1) + m + (-5000)/(-25)?
2, 3, 17
Let d be (5 - (-24)/(-5))*5. List the prime factors of ((-6 - (-5 - -1)) + d)*-641.
641
Suppose -608 = -5*o - 4*q, -4*o + 644 - 160 = 4*q. Let a = o + 1530. List the prime factors of a.
2, 827
Suppose 2066 = 19*p - 2855. Suppose -4*v + p = 3*s, 5*s + 7*v - 4*v = 417. What are the prime factors of s?
3
Let i(w) = 5 + 9*w + 3*w**2 - 4*w**2 + 7. Let b be i(10). Suppose 3*a + b*x = 45 + 283, -5 = 5*x. List the prime factors of a.
2, 5, 11
Suppose 130*j - 4065506 = -26*j - 10*j. List the prime factors of j.
19, 1289
Let v be 31 + -33 - (0 + -3). What are the prime factors of v*(-885)/6*-2?
5, 59
Suppose 0*u + u - x = 1, -2*u = -x - 6. Let w(a) = 5*a**3 - 4*a**2 - 7*a - 2. List the prime factors of w(u).
2, 61
Let a(p) = 6590*p + 758. What are the prime factors of a(6)?
2, 20149
Let t(y) = 2*y - 46. Let x be t(6). Let a = x + 123. What are the prime factors of a?
89
Let d be (-46)/(2 + (-128)/72). Let b = -6 + 15. Let q = b - d. List the prime factors of q.
2, 3
Let b = 2116 - 1896. What are the prime factors of b?
2, 5, 11
Suppose p - 5*r = 52413, -48396 + 205578 = 3*p + 4*r. List the prime factors of p.
2, 3, 41, 71
Suppose -g - 430 = -69. Let q = 36 - 591. Let a = g - q. List the prime factors of a.
2, 97
Let t be (-2)/(-4)*(1 + 32 + 1). Let l(u) = -u**3 + 17*u**2 + 9*u + 16. Let s be l(t). Let y = 339 - s. What are the prime factors of y?
2, 5, 17
Suppose -3*r = -7323 + 23748. Let l = 8112 + r. Suppose l = 14*q + 131. List the prime factors of q.
179
List the prime factors of (-5)/30 - (22780/16)/((-3)/2).
13, 73
Let c be -2 - ((2 - 1) + 4). Let i = 8 + c. List the prime factors of i - -2 - (8 - (-5 + 194)).
2, 23
Suppose 6*j = 16*j + 700. Let k = -65 - j. Suppose -2*m = -5*h - 204, -m + 85 = -k*h - 17. List the prime factors of m.
2, 3, 17
Suppose 7*o - 62 = 1. Let h(g) = 90*g - 137. List the prime factors of h(o).
673
Let q = 33265 - 20679. What are the prime factors of q?
2, 7, 29, 31
Let n = -44804 - -64061. List the prime factors of n.
3, 7, 131
Let w = -16183 - -28803. Suppose 0*s = -5*n + s + w, 3*n + s = 7572. List the prime factors of (-14)/(-5) + -3 + n/20.
2, 3, 7
Let h = 75 + -25. Let f = -39 + h. Suppose s = 30 + f. What are the prime factors of s?
41
List the prime factors of 1148350/98 + ((-64)/28)/(-2).
11719
Suppose -5*z + 2*h = -78891, 2*z + 17*h - 31526 = 14*h. What are the prime factors of z?
5, 631
Suppose 0 = 99*k - 110*k + 22. Let r(u) = 25*u**3 - 2*u**2 - 2*u + 6. List the prime factors of r(k).
2, 97
Suppose 0 = -4*t - 2*n + 13860, 4*t - 42*n + 37*n = 13832. What are the prime factors of t?
3463
Let j(o) = -o**2 + 8*o + 17. Let a be j(-5). Let r be a*2*6/(-6). Let y = -5 + r. What are the prime factors of y?
7, 13
Suppose 4*n = 5 + 7. Suppose 17*c - 46 - 39 = 0. Suppose -c*x = 2*u - 167, -183 - 164 = -4*u + n*x. List the prime factors of u.
2, 43
Let g(m) = 22*m + 33 - 1010*m**2 + 8*m + 1012*m**2. List the prime factors of g(-32).
19, 59
Let x = -7224 - -12355. Suppose x = 6*z - 4001. List the prime factors of z.
2, 761
Let r(q) = 84*q**2 + 6*q - 235. What are the prime factors of r(11)?
5, 1999
Let d(s) = -s**3 + 34*s**2 - 4*s + 116. What are the prime factors of d(27)?
19, 269
Let t(d) = 4851*d - 3567. What are the prime factors of t(8)?
3, 17, 691
Let b = -9201 - -19390. What are the prime factors of b?
23, 443
Let z(o) = 6*o**3 - 13*o**2 - 10. Let i be z(3). Suppose -14930 = -i*j + 12895. List the prime factors of j.
3, 5, 53
Let o(m) = m + 19. Let w be o(-12). Suppose -w*k - 2*h + 586 = -3*k, 437 = 3*k + 4*h. Let s = k - 80. What are the prime factors of s?
67
Suppose -4*j - 20 = 0, 4*j - 3*j + 49 = 4*g. Suppose g = -y + 8. List the prime factors of 3/(-2 + 1)*38/y.
2, 19
Suppose t = 2*k, -4*t - 2*k - 8 + 18 = 0. Let m be 5/((-15)/t) + (-226)/(-6). What are the prime factors of 5*((-7 - -4) + m)?
2, 5, 17
Let i be 5*(-2)/((-5)/((-1460)/8)). Let b = i - -711. List the prime factors of b.
2, 173
Suppose 231 = 29*x - 26*x. Let w = x - 77. Suppose -c = -a - 5*c + 77, 2*a - 3*c - 198 = w. What are the prime factors of a?
3, 31
Let o be 3 + 2/5 + 4490/25. Suppose 2*r + 3 = r, 0 = -2*x - 5*r + o. What are the prime factors of x?
3, 11
Let v(m) = -7*m**3 + m**2 + 10*m + 21. Let f be -6 + (-2 - 0) + 6. Let z(g) = -3*g**3 + 5*g + 10. Let s(k) = f*v(k) + 5*z(k). List the prime factors of s(-5).
2, 29
Suppose -9 = -3*v - 3*k, 0 = -v + 2*k + 3. Suppose 4*h + 91 = m, -v*h + 182 = m + m. What are the prime factors of m?
7, 13
Let d(k) = 2*k**2 + k + 6. Let a be d(6). Let n = 86 + a. List the prime factors of n.
2, 5, 17
Suppose -j + 3*w = -4311, -2*j - 4*w - 747 = -9419. Suppose -17*q + j = -3*q. What are the prime factors of q?
3, 103
Let m = -2503 + 7623. What are the prime factors of m?
2, 5
Suppose -189*i = -195*i - 24. List the prime factors of 466/3*(4 - (-10)/i).
233
Let c = -1193 - -1218. Let u be 2/((18/87)/3). Suppose u*n - c*n = 728. List the prime factors of n.
2, 7, 13
Let b = -912 - -1977. Suppose 2*y + 4*g - 9*g - b = 0, -3*y + 1587 = 3*g. What are the prime factors of y?
2, 5, 53
Let c be (2 + 45/(-5))*(-1308)/14. Suppose 0 = 3*i - c + 93. Suppose -5*s + k + 435 = 0, 2*s + 3*k = 6*k + i. List the prime factors of s.
2, 43
Let w = 7 - -45. Let o(r) = 4*r - 18. Let f be o(8). Let g = w - f. What are the prime factors of g?
2, 19
Suppose 5*d - z + 121 = 0, -4*z + 3*z + 71 = -3*d. Let j = 28 + d. Suppose -j*q = -8*q + 845. List the prime factors of q.
13
Suppose u - 31679 = o, 4*u - 5*o + 36376 = 163093. What are the prime factors of u?
2, 47, 337
Let b(y) = 11*y**3 - 10*y**2 - 9*y + 266. List the prime factors of b(13).
2, 3, 419
Let l(t) = 5*t**2 - 8*t + 54. Suppose -5*z - 11 = -4*d + 52, -5*d + 5*z + 80 = 0. What are the prime factors of l(d)?
29, 47
Suppose -x - 1 = 0, 9*x = f + 4*x - 13. Let v = 11 - f. Suppose 5*k = k + v*g + 281, -3*g = 4*k - 287. List the prime factors of k.
71
Let j(f) = -2*f**3 + 3*f**2 + 7*f + 3. Let x be j(3). Let a(z) = -286*z - 2. List the prime factors of a(x).
2, 107
Let g be -2*(-2)/(-4)*-193. Suppose -c + g = 5*k - 499, 2*c = 3*k - 423. Suppose -2*u = -k - 195. What are the prime factors of u?
167
Let q be -11 + 10 - (1 - -2 - -1150). Let v = 1736 + q. What are the prime factors of v?
2, 3, 97
Let d = 207 - 203. Suppose -c = -5*w + 3*c + 4288, d*w = 4*c + 3432. What are the prime factors of w?
2, 107
Let i(l) = -l**3 + 14*l**2 + 11*l - 8. Let g be 12 + -9 + (9 - -2). List the prime factors of i(g).
2, 73
Let a(r) = r**3 + 46*r**2 - 77*r + 54. What are the prime factors of a(-46)?
2, 29, 31
Let l = -3342 + 6329. List the prime factors of l.
29, 103
Let r(p) = -p**2 - 4*p + 37. Let u be r(-8). Suppose -2*v = -0*v + u*d - 139, 0 = 5*v - 2*d - 275. What are the prime factors of v?
3, 19
Suppose l + 5*j + 16 = 3*l, -11 = -5*l - 2*j. Let k(v) = l*v**2 + 310 - 2*v**2 - 293 + 10*v. What are the prime factors of k(-9)?
2
Let f(t) = 5 + 3*t - t**2 + 8*t - 7. Let k be (34 + -24)*(-3)/((-15)/4). List the prime factors of f(k).
2, 11
Let j(t) = -t**2 - 6*t + 12. Let d be j(-7). Suppose 4*h + 6 = -n, d*n - 6 - 12 = 4*h. What are the prime factors of (n/(-4))/((-9)/1206)?
67
Suppose 0*w - p - 12 = -4*w, 2*w - p = 8. Let l(t) be the first derivative of 29*t**3/3 + t**2 - 4*t + 96. What are the prime factors of l(w)?
2, 29
Let u(f) = f**2 - 4. Let w be u(-2). Suppose -3*o = -57 - w. Suppose 4*l - 687 + o = 0. List the prime factors of l.
167
What are the prime factors of ((-136000)/(-30))/10*36/15?
2, 17
Let i be (1 + 37)*(-1 - -9). Let w = i - 79. List the prime factors of w.
3, 5
Let i = 14676 - -7660. What are the prime factors of i?
2, 349
Let y be 8*(-3)/6 + 23. Suppose 0*r - y = 5*m - r, -m + 1 = r. List the prime factors of m + 4 - (-30 + 3).
2, 7
Let u be 1955/(-5) + 1 - 5. Let m be 2/(-11) + u/(-55) + -4. Suppose w = 5*q - 615, 3*q + m*w = 8*w + 347. What are the prime factors of q?
2, 31
What are the prime factors of (-29 + 60 + -35)